12 - 15) + 23?
-8
(-14 - -7 - -5) + (7 - 2)
3
What is 8 - -15 - (46 + -28)?
5
Calculate -17 + 11 + (4 - (44 + -11)).
-35
What is (2 - -1) + 6 + 12 + (-1 - -1)?
21
Calculate -4 - ((-2 - (-9 - -4)) + -21 + 4).
10
What is -14 + 8 - -21 - 13?
2
1 + (-13 + (-3 - -10) - -4)
-1
2 + 2 + -9 + -3 + (11 - -1)
4
What is the value of -14 + 14 - -4 - (-34 - (-4 - -6))?
40
(44 - 33 - (0 + 0)) + 3
14
(-1 - -6) + (93 - (62 + 34))
2
What is 3 + -7 + (-19 - -22)?
-1
Evaluate -5 + 10 + (-60 - -41).
-14
Calculate (-8 - (-8 - 5)) + -1 + -4 + 17.
17
-4 - (8 + (-18 - 5))
11
What is (31 - 1) + (-31 - -6 - -17)?
22
Calculate 7 - ((-7 - -4) + 1).
9
(-34 - (52 + -80)) + -28 + -1
-35
Evaluate 13 - 12 - 13 - -16.
4
What is -9 + (25 - (5 + 1))?
10
What is 8 - (12 + 8 + -9)?
-3
What is -613 - -607 - (-1 - -9)?
-14
What is the value of -3 + -1 + (8 - -4) - (9 + -17)?
16
What is the value of 7 - (1 + -8 - -6 - -24)?
-16
(20 - 10) + -1 + 0 + 0
9
What is (100 - 96) + 2 + -13 + 2?
-5
Calculate 30 + -13 + -15 + 7.
9
What is the value of -5 - (11 - (42 + -23))?
3
Evaluate (4 - 7) + 11 + 0.
8
What is -15 + 5 + 6 - -25 - (-6 + 4)?
23
-1 - (9 + -21 + -7) - 3
15
What is (1 + -47 - -50) + 2 + -4?
2
What is the value of 19 + (0 - 52) - -30?
-3
Calculate 7 - (5 - (-6 - -10) - -22).
-16
What is 16 - (17 - (-8 - -32))?
23
What is the value of (-21 - -9) + 21 + 4?
13
Evaluate 71 + -153 + 71 + 2 + -1.
-10
Evaluate -7 + 6 - 5 - (-32 + 19).
7
-1 + 0 - (7 + (-7 - -18) + -19)
0
Evaluate (-1 - ((5 - 31) + -3)) + 3 + 0.
31
What is (-37 - (-2 + -3)) + (14 + -7 - -5)?
-20
What is the value of 270 + -277 - (0 + 24) - 4?
-35
-4 + 26 + -13 - -5
14
What is 6 - ((2 - -2) + (-5 - -5) - 1)?
3
What is 25 + -29 + (-25 - -48)?
19
Calculate (1 - 1 - -13) + (-13 + 20 - 11).
9
-5 + -2 - (-2 - 10 - -2) - 17
-14
What is the value of -9 - -25 - 14 - (-5 - 13)?
20
-18 - (-9 + (16 - 13) + 0 + 3)
-15
-11 + 19 + 22 + -26
4
-19 - (2 - (-4 + 17))
-8
What is the value of -17 - -23 - (6 + -2)?
2
36 - (-5 + 1) - 34
6
Calculate -7 + 7 + 11 + (4 - (-7 + 29)).
-7
Evaluate -24 - -20 - (12 - 11).
-5
Calculate (1 - -2) + (12 - 8) + -18 + 5.
-6
Evaluate -10 + 5 + (11 - (4 - 3)) + 3.
8
Evaluate 73 - 75 - (9 + (-1 - 0)).
-10
What is ((2 - -6) + 4 - 8) + 2?
6
Evaluate 3 + (2 - 3) + -2 + 12.
12
(0 - 19) + (-111 - -119)
-11
What is the value of -17 - ((-2 - 8) + (-75 - -81))?
-13
Evaluate (14 - (-8 - -13)) + -10.
-1
(-4 - (-1 - (4 - 0))) + (-4 - -1)
-2
Evaluate 13 + 7 + 30 + -29.
21
0 + -31 + 19 + -14 + 3 + 0
-23
Evaluate (13 - 29 - -16) + (3 - 12) + 12.
3
What is (-4 + -1 - (6 + -11)) + 4?
4
Evaluate 9 - -1 - (1 - 7 - (10 + -16)).
10
Calculate (-6 - (-8 - (-8 + 12))) + 1.
7
What is the value of 33 - 20 - 42 - -20?
-9
Evaluate -13 + -1 + 2 + (66 - 34).
20
Evaluate 21 + (-10 - (-16 + 21)).
6
Calculate 1 + -26 + -56 + 73.
-8
-12 - 7 - (-5 + 3 + -5)
-12
4 + (-11 - (6 + -16)) - (-1 - 0)
4
Calculate 603 + -603 - (2 + -28 + -1).
27
Calculate -6 + -8 + 11 - (7 + -23).
13
What is the value of (-7 - -3) + -4 + -22 + 11?
-19
What is the value of -71 + 56 + (-1 - (0 + 0))?
-16
Evaluate -5 - (15 + 15 + -23).
-12
Calculate (11 - -1) + (-37 - -8).
-17
What is the value of -5 + -43 + 17 + 2?
-29
What is the value of 6 - (-14 + 5 + 5)?
10
((-7 - 2) + -5 + 12 - -13) + -7
4
Evaluate -6 - -19 - 5 - 9.
-1
-20 + 1 + 2 - (1 + 13 + -9)
-22
(-5 + 18 - 36) + 10
-13
(0 - -1) + (-5 - (-2 - 3))
1
What is -2 + 1 - 1 - (-28 - -24) - 4?
-2
Evaluate -17 + -11 + 57 - 21.
8
Evaluate (9 - 1 - 3) + 3 + -25.
-17
What is -59 + 40 - (3 + -5 + 1) - 0?
-18
-1 - (2 + (-3 - -6) + -10) - 11
-7
Calculate 11 - (-10 + (40 - -13) - 12).
-20
(-6 + 1 - -4 - 2) + 8 - 14
-9
What is 3 - 3 - 1 - (-41 + 50)?
-10
(-7 - 12 - -2 - -6) + 3
-8
What is the value of 36 + -10 + 6 + 4 + (3 - 6)?
33
Evaluate 0 - 9 - (-14 + 7 - -11).
-13
4 + 1 + (57 + -65 - (1 + 3))
-7
What is the value of 6 + (10 - (34 + 0)) + 7 - -10?
-1
Evaluate 22 + (-47 - -20) + (4 + -2 - -4).
1
Evaluate -17 + (18 - 27) + 37.
11
What is the value of 0 - 2 - (63 - 59) - -10?
4
Evaluate (0 - -2) + (3 - 13 - (18 + -37)).
11
Calculate -13 + (17 - (-26 + 12 + 28)).
-10
(28 - 92) + 9 + 30
-25
Evaluate -1 + 1 - -18 - (-1 + 10).
9
16 + -10 + -5 - -8
9
Evaluate 6 + -28 + 4 + 1 + 4 + -11.
-24
Calculate 11 - (1 + (-5 - 5 - (10 + -16))).
14
What is -15 - (10 + -5 + (4 + -2 - 2))?
-20
8 + -30 - -16 - 10
-16
Calculate -4 + (18 + 3 - 9) - 7.
1
(8 - (0 - 0) - 0) + 471 + -468
11
Evaluate (6 - (32 - 4) - 7) + (-25 - -32).
-22
What is (-8 + -15 - -26) + 14?
17
What is -20 - -14 - (-16 - 3)?
13
What is the value of 99 + -97 + (-6 + (-1 - -4) - 5)?
-6
Calculate -52 + (-10 - -17) - -71.
26
Calculate 58 + -23 + -27 - (3 + 2).
3
Calculate 98 - 95 - (0 - (-3 - 0) - -1).
-1
Evaluate -6 + (-6 + 1 + 2 - -1).
-8
Calculate 6 + -6 + (-3 - (-3 - -7) - 1).
-8
Calculate 1 + 33 - (-698 + 762).
-30
What is 12 - (0 + 9 + 7)?
-4
Calculate 2 - (8 - 8 - 7 - -2).
7
What is the value of (620 - 592) + -45 + -3?
-20
What is the value of -31 + 20 + 11 - 25?
-25
What is 13 + (7 - (16 - 11)) - 2?
13
Evaluate 0 + -13 + 3 + -13 + 4.
-19
What is the value of -26 + (14 - -17) - 1?
4
Evaluate 20 + (-18 - -1) + 22.
25
Evaluate -3 - 5 - (-21 + 12).
1
Evaluate (1 - 2 - (6 - 1)) + 17.
11
What is the value of (1 - -1) + (-3 - -1) + (-48 - -35)?
-13
What is 7 - 9 - -5 - 10?
-7
What is the value of -13 - ((3 - -14) + (-23 - -17))?
-24
What is the value of 18 + (30 - 71) - (-2 - 1)?
-20
Calculate -9 + (4 - ((-1 - -4) + (3 - 4))).
-7
(-10 - -14) + 10 + -3 + 2 + -3
10
What is 2 + (-7 - -9) + -5 - (1 + 1)?
-3
-2 + 6 + 22 + 2 + -13
15
What is the value of 4 - ((-9 - (-8 + 8)) + 1)?
12
What is the value of -25 - -30 - (-6 + -4 - -3)?
12
Evaluate -251 + 248 + (8 - (1 + -1)).
5
What is (-3 - 9 - -3) + 12 + 0?
3
What is the value of -30 - (-10 - 20 - -12)?
-12
What is the value of -9 + (-6 - 6) + 10 + -4?
-15
(-16 - -11) + -15 + 6
-14
What is 29 + -14 - -16 - 27?
4
21 + (2 - (-29 - -33))
19
What is the value of 6 + -2 - (133 - 101)?
-28
What is (-17 + 35 - (-2 - -5)) + -2 + -1?
12
Calculate 5 + -4 + -5 + (-9 - -7).
-6
Calculate -23 - (-9 + (5 - (15 + -6))).
-10
Evaluate 10 - 43 - (-22 + 2).
-13
What is (179 - 120) + (-31 - 1)?
27
(-8 - 1) + 8 + (-11 - -4)
-8
Calculate -37 + 48 - (6 + -9).
14
Evaluate (-3 - (3 - (26 - 3))) + -5.
12
-20 + (3 + 37 - -9)
29
What is the value of 3 - 2 - ((-11 - -5) + 9) - -1?
-1
Evaluate (7 - (22 + -8) - 22) + -5 + 9.
-25
Calculate 3 + -6 - -8 - -4 - (31 - 25).
3
Calculate 22 - 11 - 13 - -6.
4
Calculate 1 + 3 - (-252 - -234).
22
What is (-6 - (-5 - -15)) + 4?
-12
Evaluate 13 + -7 + (32 - 15).
23
Calculate 33 + (-3 - 12) + -36.
-18
What is the value of -1 - 8 - (-7 - (-1 + -12) - 1)?
-14
What is 65 + -38 + 11 + -53?
-15
Evaluate -9 - -11 - (6 + 5).
-9
Evaluate 16 + (-49 - -11) + (16 - -1).
-5
What is the value of -2 - -1 - (-1 + (2 + 2 - 2))?
-2
What is -6 + (-8 - (8 - 13))?
-9
Calculate (6 + -15 - -15) + -3.
3
What is -2 + -3 + -5 + 7 - -9?
6
What is the value of -1 - -16 - (-334 - -347)?
2
What is 34 + 0 - (-43 - (43 + -97))?
23
What is the value of -16 + 19 - (-8 - 2)?
13
What is the value of 46 - (-19 + 61 + -19)?
23
What is the value of -18 - (7 - 3 - (136 - 135))?
-21
Calculate (-11 - 36) + 42 + 45.
40
Evaluate -17 + (11 + -3 - (-10 - -12)).
-11
What is the value of -8 + (5 - (-12 + 14 - 5))?
0
What is -156 + 168 + (-2 - 13)?
-3
Evaluate -12 + (0 - (1 - 10)) + -9.
-12
What is -22 + (4 + -1 - (-31 + 30))?
-18
Evaluate (-2 - -10) + (16 - 41 - -20).
3
-9 - (-4 + -1 + 114 + -110)
-8
What is the value of (16 - 18) + (-6 - (6 - (4 - 1)))?
-11
-30 + (0 + 8 - ((40 - 24) + -15))
-23
Evaluate 0 + -3 - (-106 - -95).
8
What is the value of 1 + -4 - (8 + -6) - -7 - -5?
7
What is 10 + (12 + -4 - -7 - 15)?
10
Calculate (32 - 13) + 6 - 6.
19
Calculate (3 + -17 - -16) + -1 + 3.
4
Evaluate -14 + 15 + -7 + -17.
-23
What is 15 + (1 - 4) - -14?
26
What is the value of 643 + -628 - (-1 - -7)?
9
What is -5 - (0 - (-5 + (-1 - -6) - 5))?
-10
(0 - 1) + -158 + 189 - -6
36
What is the value of 21 + 6 - (-88 - -80)?
35
Evaluate -11 - (-105 + 97 - (0 - -10)) - 17.
-10
Calculate 3 - (14 + -20 + 14).
-5
What is 4 + (10 - 20) - -16 - 6?
4
What is the value of ((1 - -1) + -4 - -7) + -4 + -3?
-2
What is 7 - 2 - 4 - (-18 + 5)?
14
Evaluate -6 + (-6 - 4) + 1 + -2 + 8.
-9
-15 + (4 - 8) - -12 - (2